-17 - x = -4*t. What are the prime factors of t?
2, 3, 7
Suppose 4*o + 1368 = 8*o. Let p = 260 + o. What are the prime factors of p?
2, 7, 43
Suppose 0 = 13*v + 22764 + 9593. Let f = 4504 + v. List the prime factors of f.
5, 13, 31
Suppose 5*m - q - 3*q = 7, 5*q + 12 = 3*m. List the prime factors of (-19035)/(-60) - ((-2)/8)/m.
317
Let t(q) = -6*q - 16. Suppose 5*y - 6 = -4*w, 3*w - 2*w - 8 = 2*y. Let z be t(w). List the prime factors of -24*(-4 - z/15).
2
Let a(n) = -16*n - 26. Let q(r) = -15*r - 26. Suppose m + 3 = -3*h, -3*m + 9*h = 4*h + 9. Let s(l) = m*a(l) + 4*q(l). What are the prime factors of s(-17)?
2, 89
Suppose y = 2*y. Suppose y = -2*j + 4*j - 658. List the prime factors of j.
7, 47
Let b(y) = -y**3 - 2*y**2 + 8921. What are the prime factors of b(0)?
11, 811
Let w = 5 + -4. Suppose 39 = -p + w. Let g = 81 + p. What are the prime factors of g?
43
Suppose k - 1 - 1 = 0. Let z = -27 + 38. Suppose 2*g = 0, -z - 67 = -k*y - g. What are the prime factors of y?
3, 13
Suppose -25 = 5*z - 10*z, h + 2*z = 51225. What are the prime factors of h?
5, 10243
Let a(x) = 26*x**2 - 10*x + 321. What are the prime factors of a(-21)?
3, 31, 43
Let t = 47 + -46. Suppose -6*u + 25 = t. Suppose 0*y = -u*y + 244. What are the prime factors of y?
61
Let x be ((-204)/170)/(1 + 86/(-80)). Suppose -5*k + x = 32*w - 31*w, 3*k = -12. List the prime factors of w.
2, 3
What are the prime factors of (-24)/28 + (-3670684)/(-763)?
2, 5, 13, 37
Suppose 29 = -5*h - 31. Let r be (1*(-232)/h)/((-2)/3). Let u = 37 + r. What are the prime factors of u?
2
Suppose -2 = 2*c - 4*c. Let x be (c + 4/(-2))/1. Let y = x - -44. List the prime factors of y.
43
Let u be (-13920)/(-108) - 3/(-27). Suppose -u*q + 155*q - 34164 = 0. List the prime factors of q.
2, 3, 73
Suppose -v - 34 = -28. Let u(a) = -2*a**2 - 13*a - 6. Let r be u(v). List the prime factors of r/(-1) + (-214)/(-4)*2.
107
Suppose -3*w = -4*c + 36474, 63*c - 27356 = 60*c + 2*w. List the prime factors of c.
2, 3, 5, 19
What are the prime factors of (-94)/235 + (-61446)/(-15) + 0?
2
Let f be (-1306)/(-10) - (6 + (-128)/20). Let o = -107 + f. What are the prime factors of o?
2, 3
Let l(q) be the second derivative of 7*q**4/6 - 19*q**3/6 + 43*q**2/2 + 210*q. List the prime factors of l(11).
2, 191
Let u be 2 - 1 - (0 + -252). Suppose 246 = i + 546 - 153. Let y = i + u. What are the prime factors of y?
2, 53
Suppose -641*u + 117535 = 5*p - 636*u, -u = 8*p - 188098. List the prime factors of p.
7, 3359
Let n(f) = -f + 2. Let r be n(3). Let b(u) be the second derivative of 5*u**4/2 + u**3/2 + u**2/2 + 108*u. List the prime factors of b(r).
2, 7
Suppose 12*z - 14*z = 0. Suppose -3*i - 12 = -4*i - 3*s, 4*i + 2*s - 8 = z. List the prime factors of (-464)/(-2) + (-2 - i/5).
2, 5, 23
Suppose -57771 = 585*n - 586*n + 2*y, -4*n - 4*y = -231096. What are the prime factors of n?
57773
Suppose -8*u = -4420 - 12196. Suppose 4*i = 2*v + u + 5103, 0 = 2*v. List the prime factors of i.
5, 359
Let z(h) = 681*h + 7707. List the prime factors of z(59).
2, 3, 23, 347
Let d(w) = 2*w**2 + 9*w - 4. Let m be ((-6)/(-15))/(2 + (-158)/80). List the prime factors of d(m).
2, 163
Let u(q) = -1912*q + 19. Let t be u(-1). Suppose -11*b + 841 + t = 0. What are the prime factors of b?
2, 3, 7
Suppose 59*g - 58*g = 0. Suppose g*t = -10*t + 8530. List the prime factors of t.
853
Let r be 0/(-9)*(8/(-3) + 3). Suppose r = -75*b + 30*b + 16695. List the prime factors of b.
7, 53
Let t(c) = c**3 + 6*c**2 - 3*c + 7. Let l be t(-5). Suppose l*p - 10158 - 65700 = 0. What are the prime factors of p?
2, 3, 269
Let n(s) = -103*s + 1. Let j be n(-2). Let y be (-1530)/(-221) + (-3)/(-39). Suppose y*u + 11 = j. What are the prime factors of u?
2, 7
Let z be (-85)/5 + -3 + 6. List the prime factors of ((-5)/(10/z))/(15/3045).
7, 29
Let u be (1 - (-55)/(-20))*-4. Suppose u*o - 11 = -74. Let y(t) = -10*t - 15. List the prime factors of y(o).
3, 5
Let p(u) = 4*u**2 + u + 35. Let a be p(6). Suppose 2*q = -643 + a. Let n = q - -440. List the prime factors of n.
211
Let k(i) = -14*i**3 - 66*i**2 + 13*i - 77. Let a(r) = 5*r**3 + 22*r**2 - 4*r + 25. Let w(p) = 11*a(p) + 4*k(p). List the prime factors of w(-23).
2, 3, 13
Suppose 28*q + 1448 = 24*q. Let v = 516 + q. List the prime factors of v.
2, 7, 11
Let h = 13409 - -371. List the prime factors of h.
2, 5, 13, 53
Suppose -3*h + 5*f = -14, 10*f - 5*f = h - 8. Suppose -4*g + 2*g - 180 = 3*u, -2*u - h*g - 120 = 0. List the prime factors of ((-66)/(-5))/((-18)/u).
2, 11
Suppose 13*o - 18*o = -9*o + 38452. What are the prime factors of o?
9613
Let w be (-73)/(-2 - -2 - 1). Let z be 10/(10/(-3)) - 11. Let j = w + z. What are the prime factors of j?
59
Let d(s) = 41*s**2 + s - 1. Let z be d(1). Let a(v) = v**3 + 13*v**2 + 11*v - 9. Let f be a(-12). Suppose 0 = -f*i - z + 209. What are the prime factors of i?
2, 7
Let b(d) = 4*d + 1 + 9*d**2 - 8*d**2 + 3. Let r be b(-5). Suppose -r*v = -6*v - 438. What are the prime factors of v?
2, 73
Suppose -225*m + 254*m - 104487 = 0. List the prime factors of m.
3, 1201
Suppose 4*r + 51 = -5*g, 4*r + 4*g + 21 = 9*g. Let d(y) = -y**3 - 2*y**2 - 2*y + 4. List the prime factors of d(r).
19, 31
Let i be (-1805)/4 - (-1)/4. Let l(g) = -10*g**2 - 245*g - 32. Let x be l(-25). Let v = x - i. List the prime factors of v.
2, 3, 7
Let m = 1626 - 1648. Let k be (1/(-1))/1 - -7. What are the prime factors of k/33 - (-3 - (-150)/m)?
2, 5
Let s = 27 - -10. Suppose -2*o = -3*u - 0*u + s, 5*o + 10 = 0. Suppose 0 = -13*n + u*n + 54. What are the prime factors of n?
3
What are the prime factors of 12/(-1)*84045/90*-2?
2, 13, 431
Let i(b) = -b**2 - 20*b + 158. Let f be i(-26). Suppose -1005 = -2*w + 5*g, 3*w - f*g - 1539 = -5*g. What are the prime factors of w?
2, 3, 5, 17
Let z = 141 - 141. Suppose -5*m + 3*l - 709 = -7*m, z = -3*m + 4*l + 1021. What are the prime factors of m?
347
Let f(b) = -b + 1. Let j(u) = 6*u + 20. Let n(v) = 5*f(v) + j(v). Let a be n(-13). Suppose -70 = -a*l + 7*l. What are the prime factors of l?
2, 7
Let z be (12/(-30))/(1899/(-950) + 2). Suppose -m + 21 = 6*m. List the prime factors of z/(-2) + 7 + m + -6.
2, 97
Suppose 6*h + 648 = 60*h. Suppose s - 1470 = -t, -3*t + 4428 = -h*s + 9*s. List the prime factors of t.
3, 491
Let y be (-19 - 0)*(-3 - (-9 + 8)). Suppose -4*q - 2*z + 142 = z, 2*z = -q + y. What are the prime factors of q?
2, 17
List the prime factors of (-4)/(-70)*-3997*-160.
2, 571
Let z = -56 + 57. Let d be (z + 5/(-2))/(3/(-18)). Suppose -d*h - 4*h = -468. List the prime factors of h.
2, 3
What are the prime factors of 244244/10 - (43 + 4473/(-105))?
2, 43, 71
Let p = 2 + -10. Let c(l) = -l**3 + 13*l**2 - 11*l - 17. Let a be c(12). List the prime factors of 5*p/(-50) - 546/a.
2, 5, 11
Let y(d) = 4*d**2 + 100*d + 9. What are the prime factors of y(63)?
3, 5, 17, 29
Let s(x) = 1992*x - 685. What are the prime factors of s(12)?
7, 31, 107
Suppose -b = -1, 3*m + 4*b - 1228 = 1464. Let h = m + -560. List the prime factors of h.
2, 3, 7
List the prime factors of ((-4)/(-8)*2)/(((-48)/12)/(-4988)).
29, 43
Let l = 37 + -26. Let n(y) = -17*y**2 + y**3 + l*y**2 - y**3 + y**3 + 6. What are the prime factors of n(6)?
2, 3
Let s = 201 + -38. Let i = 218 + s. What are the prime factors of i?
3, 127
Let n(v) = v**2 + 56*v - 33. Let u be n(-57). Suppose -1315 = -u*f + 19*f. List the prime factors of f.
263
Let x(j) be the second derivative of -8*j**3/3 - 289*j**2/2 + 5*j - 3. List the prime factors of x(-41).
367
Let r be ((-80)/(-15))/((-11)/3 + 3). List the prime factors of 0 + 436 - ((-36)/6 - r).
2, 7, 31
Let n(u) = -4*u**3 - 14*u**2 - 38*u - 63. List the prime factors of n(-16).
5, 17, 157
Suppose 2*t + 8 = 5*p, -9*t - 16 = p - 5*t. Suppose -2*n - 288 = -2*v, 3*v + n = -p*v + 416. List the prime factors of v.
2, 5, 7
Let z = -1512 + 2366. Let n = 1570 - z. What are the prime factors of n?
2, 179
Let c be 12/((207/(-460))/((-3)/5)). Suppose 588 = c*g - 2*g. What are the prime factors of g?
2, 3, 7
Suppose m - 28 = 3*d, -m - 21 = -3*m - d. Suppose -8*n + 20 = -m*n. Let v(z) = -5*z**3 - 4*z**2 + 2*z - 5. What are the prime factors of v(n)?
3
Let k = -9977 - -39343. List the prime factors of k.
2, 14683
Let c = -3648 + 6536. Suppose c = 619*d - 615*d. What are the prime factors of d?
